9591739?
9
What is the thousands digit of 1254464?
4
What is the tens digit of 414385?
8
What is the hundreds digit of 14175841?
8
What is the thousands digit of 247445?
7
What is the thousands digit of 385716?
5
What is the hundreds digit of 4269939?
9
What is the hundreds digit of 304504?
5
What is the tens digit of 298527?
2
What is the ten thousands digit of 737976?
3
What is the ten thousands digit of 2740070?
4
What is the units digit of 1285479?
9
What is the ten thousands digit of 339137?
3
What is the hundred thousands digit of 466412?
4
What is the ten thousands digit of 21063?
2
What is the units digit of 237468?
8
What is the units digit of 260285?
5
What is the tens digit of 6090989?
8
What is the thousands digit of 788388?
8
What is the units digit of 79435?
5
What is the ten thousands digit of 7374408?
7
What is the hundred thousands digit of 5065208?
0
What is the hundreds digit of 456865?
8
What is the hundred thousands digit of 511533?
5
What is the units digit of 197067?
7
What is the ten thousands digit of 89859?
8
What is the hundred thousands digit of 529391?
5
What is the ten thousands digit of 300049?
0
What is the units digit of 21828?
8
What is the hundreds digit of 7222898?
8
What is the tens digit of 9395694?
9
What is the units digit of 187633?
3
What is the ten thousands digit of 113082?
1
What is the ten thousands digit of 3105338?
0
What is the millions digit of 1459242?
1
What is the units digit of 50967?
7
What is the units digit of 1510287?
7
What is the tens digit of 247296?
9
What is the millions digit of 3033163?
3
What is the units digit of 90262?
2
What is the hundreds digit of 253118?
1
What is the hundreds digit of 6437982?
9
What is the millions digit of 1016594?
1
What is the units digit of 9186?
6
What is the millions digit of 18924810?
8
What is the millions digit of 1018530?
1
What is the hundred thousands digit of 6692678?
6
What is the tens digit of 437264?
6
What is the tens digit of 976379?
7
What is the hundred thousands digit of 2137384?
1
What is the tens digit of 122031?
3
What is the millions digit of 1811915?
1
What is the units digit of 1348633?
3
What is the tens digit of 1186120?
2
What is the ten thousands digit of 908251?
0
What is the hundreds digit of 795488?
4
What is the millions digit of 10989415?
0
What is the tens digit of 727883?
8
What is the tens digit of 152395?
9
What is the hundred thousands digit of 167489?
1
What is the thousands digit of 13262531?
2
What is the tens digit of 5320201?
0
What is the thousands digit of 437325?
7
What is the hundreds digit of 697597?
5
What is the units digit of 361411?
1
What is the millions digit of 3880851?
3
What is the units digit of 1386996?
6
What is the millions digit of 1115040?
1
What is the hundreds digit of 211121?
1
What is the tens digit of 131101?
0
What is the tens digit of 28460?
6
What is the ten thousands digit of 195622?
9
What is the hundreds digit of 1454922?
9
What is the thousands digit of 10469758?
9
What is the millions digit of 1617158?
1
What is the hundred thousands digit of 4107391?
1
What is the tens digit of 25921185?
8
What is the ten thousands digit of 669008?
6
What is the ten millions digit of 38938256?
3
What is the tens digit of 2450807?
0
What is the tens digit of 253116?
1
What is the tens digit of 4756735?
3
What is the tens digit of 71472?
7
What is the thousands digit of 81341?
1
What is the units digit of 356625?
5
What is the thousands digit of 1332136?
2
What is the units digit of 300841?
1
What is the ten thousands digit of 435940?
3
What is the millions digit of 2748446?
2
What is the hundreds digit of 2071415?
4
What is the hundreds digit of 3295001?
0
What is the units digit of 1462162?
2
What is the tens digit of 9484827?
2
What is the thousands digit of 4440704?
0
What is the thousands digit of 46452?
6
What is the units digit of 84447?
7
What is the ten thousands digit of 99107?
9
What is the units digit of 173444?
4
What is the ten thousands digit of 364418?
6
What is the tens digit of 404420?
2
What is the hundred thousands digit of 5350096?
3
What is the tens digit of 12183004?
0
What is the thousands digit of 2825343?
5
What is the units digit of 660754?
4
What is the hundreds digit of 379657?
6
What is the thousands digit of 15979?
5
What is the tens digit of 1433041?
4
What is the millions digit of 5837230?
5
What is the units digit of 212746?
6
What is the units digit of 3424209?
9
What is the hundreds digit of 83624?
6
What is the hundred thousands digit of 433263?
4
What is the millions digit of 1037058?
1
What is the tens digit of 18320337?
3
What is the thousands digit of 2461999?
1
What is the ten millions digit of 21695014?
2
What is the hundred thousands digit of 687029?
6
What is the ten millions digit of 32221837?
3
What is the thousands digit of 200259?
0
What is the ten thousands digit of 290810?
9
What is the hundred thousands digit of 638052?
6
What is the tens digit of 331761?
6
What is the tens digit of 1112338?
3
What is the hundred thousands digit of 2707000?
7
What is the units digit of 3742681?
1
What is the units digit of 661060?
0
What is the hundred thousands digit of 2654569?
6
What is the units digit of 506233?
3
What is the hundred thousands digit of 5369300?
3
What is the thousands digit of 2516241?
6
What is the hundreds digit of 345268?
2
What is the millions digit of 2524232?
2
What is the tens digit of 1006310?
1
What is the thousands digit of 8096501?
6
What is the ten thousands digit of 2784848?
8
What is the ten thousands digit of 414324?
1
What is the units digit of 2154222?
2
What is the ten thousands digit of 2014530?
1
What is the millions digit of 4275202?
4
What is the units digit of 144358?
8
What is the hundreds digit of 11752196?
1
What is the millions digit of 9098003?
9
What is the hundred thousands digit of 862902?
8
What is the millions digit of 2847010?
2
What is the units digit of 45661?
1
What is the hundred thousands digit of 8826953?
8
What is the millions digit of 1466052?
1
What is the units digit of 4312457?
7
What is the ten thousands digit of 3889682?
8
What is the ten millions digit of 10660071?
1
What is the tens digit of 39212?
1
What is the thousands digit of 998389?
8
What is the hundreds digit of 2136068?
0
What is the hundred thousands digit of 189799?
1
What is the thousands digit of 1729100?
9
What is the units digit of 1088973?
3
What is the tens digit of 1632426?
2
What is the tens digit of 1233770?
7
What is the ten thousands digit of 79201?
7
What is the tens digit of 145872?
7
What is the thousands digit of 13027567?
7
What is the millions digit of 2023424?
2
What is the ten thousands digit of 8725858?
2
What is the hundreds digit of 1584764?
7
What is the hundreds digit of 7019?
0
What is the units digit of 634555?
5
What is the ten thousands digit of 5309307?
0
What is the ten thousands digit of 115589?
1
What is the hundreds digit of 8502?
5
What is the tens digit of 408704?
0
What is the ten thousands digit of 16364?
1
What is the tens digit of 720644?
4
What is the thousands digit of 1347321?
7
What is the hundreds digit of 190958?
9
What is the hundreds digit of 454627?
6
What is the tens digit of 1640799?
9
What is the thousands digit of 110447?
0
What is the units digit of 242568?
8
What is the hundred thousands digit of 215636?
2
What is the millions digit of 24981968?
4
What is the tens digit of 513153?
5
What is the millions digit of 1973057?
1
What is the ten thousands digit of 111131?
1
What is the hundred thousands digit of 549734?
5
What is the thousands digit of 85495?
5
What is the hundred thousands digit of 1771186?
7
What is the millions digit of 1103612?
1
What is the units digit of 207635?
5
What is the hundred thousands digit of 881641?
8
What is the millions digit of 2018300?
2
What is the tens digit of 294558?
5
What is the hundred thousands digit of 294157?
2
What is the tens digit of 21398700?
0
What is the ten thousands digit of 282025?
8
What is the tens digit of 2665454?
5
What is the units digit of 6748112?
2
What is the ten thousands digit of 58947?
5
What is the hundred thousands digit of 4354030?
3
What is the thousands digit of 454692?
4
What is the units digit of 341405?